{"id":196,"date":"2024-07-23T14:10:43","date_gmt":"2024-07-23T14:10:43","guid":{"rendered":"https:\/\/werkstatt-selber-bauen.de\/?page_id=196"},"modified":"2024-07-23T14:34:20","modified_gmt":"2024-07-23T14:34:20","slug":"module-der-wms","status":"publish","type":"page","link":"https:\/\/werkstatt-selber-bauen.de\/?page_id=196","title":{"rendered":"Module der WmS"},"content":{"rendered":"\n<div class=\"wp-block-group alignfull has-global-padding is-layout-constrained wp-container-core-group-is-layout-669513ed wp-block-group-is-layout-constrained\" style=\"margin-top:0;margin-bottom:0;padding-top:var(--wp--preset--spacing--50);padding-right:var(--wp--preset--spacing--50);padding-bottom:var(--wp--preset--spacing--50);padding-left:var(--wp--preset--spacing--50)\">\n<div class=\"wp-block-group is-vertical is-content-justification-center is-layout-flex wp-container-core-group-is-layout-ce155fab wp-block-group-is-layout-flex\">\n<p class=\"has-text-align-center\">Wenn Du Deine Werkstatt optimal einrichten m\u00f6chtest, ist die WmS (Werkstatt mit System) die ideale L\u00f6sung. Die WmS bietet Dir eine Vielzahl von Modulen, die perfekt aufeinander abgestimmt sind und Dir helfen, Ordnung und Effizienz in Deiner Werkstatt zu bringen.<\/p>\n<\/div>\n\n\n\n<div style=\"height:var(--wp--preset--spacing--30)\" aria-hidden=\"true\" class=\"wp-block-spacer\"><\/div>\n\n\n\n<div class=\"wp-block-columns alignwide is-layout-flex wp-container-core-columns-is-layout-4935966c wp-block-columns-is-layout-flex\" style=\"padding-right:0;padding-left:0\">\n<div class=\"wp-block-column is-layout-flow wp-block-column-is-layout-flow\">\n<figure class=\"wp-block-image size-full is-style-rounded is-style-rounded--1\"><img loading=\"lazy\" decoding=\"async\" width=\"795\" height=\"1060\" src=\"https:\/\/werkstatt-selber-bauen.de\/wp-content\/uploads\/2024\/07\/Produktbild01-3.jpg\" alt=\"\" class=\"wp-image-187\" style=\"aspect-ratio:3\/4;object-fit:cover\" srcset=\"https:\/\/werkstatt-selber-bauen.de\/wp-content\/uploads\/2024\/07\/Produktbild01-3.jpg 795w, https:\/\/werkstatt-selber-bauen.de\/wp-content\/uploads\/2024\/07\/Produktbild01-3-225x300.jpg 225w, https:\/\/werkstatt-selber-bauen.de\/wp-content\/uploads\/2024\/07\/Produktbild01-3-768x1024.jpg 768w\" sizes=\"auto, (max-width: 795px) 100vw, 795px\" \/><\/figure>\n\n\n\n<div class=\"wp-block-group is-vertical is-content-justification-center is-nowrap is-layout-flex wp-container-core-group-is-layout-21d4e958 wp-block-group-is-layout-flex\">\n<div class=\"wp-block-buttons is-layout-flex wp-block-buttons-is-layout-flex\">\n<div class=\"wp-block-button has-custom-width wp-block-button__width-100 has-custom-font-size is-style-outline has-small-font-size is-style-outline--2\"><a class=\"wp-block-button__link wp-element-button\">Schubladenschrank<\/a><\/div>\n<\/div>\n<\/div>\n<\/div>\n\n\n\n<div class=\"wp-block-column is-layout-flow wp-block-column-is-layout-flow\">\n<figure class=\"wp-block-image size-full is-style-rounded is-style-rounded--3\"><img loading=\"lazy\" decoding=\"async\" width=\"795\" height=\"1060\" src=\"https:\/\/werkstatt-selber-bauen.de\/wp-content\/uploads\/2024\/07\/Produktbild02-1.jpg\" alt=\"\" class=\"wp-image-181\" style=\"aspect-ratio:3\/4;object-fit:cover\" srcset=\"https:\/\/werkstatt-selber-bauen.de\/wp-content\/uploads\/2024\/07\/Produktbild02-1.jpg 795w, https:\/\/werkstatt-selber-bauen.de\/wp-content\/uploads\/2024\/07\/Produktbild02-1-225x300.jpg 225w, https:\/\/werkstatt-selber-bauen.de\/wp-content\/uploads\/2024\/07\/Produktbild02-1-768x1024.jpg 768w\" sizes=\"auto, (max-width: 795px) 100vw, 795px\" \/><\/figure>\n\n\n\n<div class=\"wp-block-group is-vertical is-content-justification-center is-nowrap is-layout-flex wp-container-core-group-is-layout-63bfd6c1 wp-block-group-is-layout-flex\">\n<div class=\"wp-block-buttons has-custom-font-size has-small-font-size is-layout-flex wp-block-buttons-is-layout-flex\">\n<div class=\"wp-block-button is-style-outline is-style-outline--4\"><a class=\"wp-block-button__link wp-element-button\">Regalschrank<\/a><\/div>\n<\/div>\n<\/div>\n<\/div>\n\n\n\n<div class=\"wp-block-column is-layout-flow wp-block-column-is-layout-flow\">\n<figure class=\"wp-block-image size-full is-style-rounded is-style-rounded--5\"><img loading=\"lazy\" decoding=\"async\" width=\"795\" height=\"1060\" src=\"https:\/\/werkstatt-selber-bauen.de\/wp-content\/uploads\/2024\/07\/Produktbild01ba.jpg\" alt=\"\" class=\"wp-image-172\" style=\"aspect-ratio:3\/4;object-fit:cover\" srcset=\"https:\/\/werkstatt-selber-bauen.de\/wp-content\/uploads\/2024\/07\/Produktbild01ba.jpg 795w, https:\/\/werkstatt-selber-bauen.de\/wp-content\/uploads\/2024\/07\/Produktbild01ba-225x300.jpg 225w, https:\/\/werkstatt-selber-bauen.de\/wp-content\/uploads\/2024\/07\/Produktbild01ba-768x1024.jpg 768w\" sizes=\"auto, (max-width: 795px) 100vw, 795px\" \/><\/figure>\n\n\n\n<div class=\"wp-block-group is-vertical is-content-justification-center is-nowrap is-layout-flex wp-container-core-group-is-layout-63bfd6c1 wp-block-group-is-layout-flex\">\n<div class=\"wp-block-buttons is-layout-flex wp-block-buttons-is-layout-flex\">\n<div class=\"wp-block-button is-style-outline is-style-outline--6\"><a class=\"wp-block-button__link wp-element-button\">H\u00e4ngeschrank<\/a><\/div>\n<\/div>\n<\/div>\n<\/div>\n\n\n\n<div class=\"wp-block-column is-layout-flow wp-block-column-is-layout-flow\">\n<figure class=\"wp-block-image size-full is-style-rounded is-style-rounded--7\"><img loading=\"lazy\" decoding=\"async\" width=\"795\" height=\"1060\" src=\"https:\/\/werkstatt-selber-bauen.de\/wp-content\/uploads\/2024\/07\/Produktbild03.jpg\" alt=\"\" class=\"wp-image-168\" style=\"aspect-ratio:3\/4;object-fit:cover\" srcset=\"https:\/\/werkstatt-selber-bauen.de\/wp-content\/uploads\/2024\/07\/Produktbild03.jpg 795w, https:\/\/werkstatt-selber-bauen.de\/wp-content\/uploads\/2024\/07\/Produktbild03-225x300.jpg 225w, https:\/\/werkstatt-selber-bauen.de\/wp-content\/uploads\/2024\/07\/Produktbild03-768x1024.jpg 768w\" sizes=\"auto, (max-width: 795px) 100vw, 795px\" \/><\/figure>\n\n\n\n<div class=\"wp-block-group is-vertical is-content-justification-center is-nowrap is-layout-flex wp-container-core-group-is-layout-21d4e958 wp-block-group-is-layout-flex\">\n<div class=\"wp-block-buttons is-layout-flex wp-block-buttons-is-layout-flex\">\n<div class=\"wp-block-button is-style-outline is-style-outline--8\"><a class=\"wp-block-button__link wp-element-button\">Fr\u00e4serschrank<\/a><\/div>\n<\/div>\n<\/div>\n<\/div>\n<\/div>\n\n\n\n<div style=\"height:60px\" aria-hidden=\"true\" class=\"wp-block-spacer\"><\/div>\n\n\n\n<div class=\"wp-block-columns alignwide is-layout-flex wp-container-core-columns-is-layout-4935966c wp-block-columns-is-layout-flex\" style=\"padding-right:0;padding-left:0\">\n<div class=\"wp-block-column is-layout-flow wp-block-column-is-layout-flow\">\n<figure class=\"wp-block-image size-full is-style-rounded is-style-rounded--9\"><img loading=\"lazy\" decoding=\"async\" width=\"795\" height=\"1060\" src=\"https:\/\/werkstatt-selber-bauen.de\/wp-content\/uploads\/2024\/07\/Produktbild01-2.jpg\" alt=\"\" class=\"wp-image-156\" style=\"aspect-ratio:3\/4;object-fit:cover\" srcset=\"https:\/\/werkstatt-selber-bauen.de\/wp-content\/uploads\/2024\/07\/Produktbild01-2.jpg 795w, https:\/\/werkstatt-selber-bauen.de\/wp-content\/uploads\/2024\/07\/Produktbild01-2-225x300.jpg 225w, https:\/\/werkstatt-selber-bauen.de\/wp-content\/uploads\/2024\/07\/Produktbild01-2-768x1024.jpg 768w\" sizes=\"auto, (max-width: 795px) 100vw, 795px\" \/><\/figure>\n\n\n\n<div class=\"wp-block-group is-vertical is-content-justification-center is-nowrap is-layout-flex wp-container-core-group-is-layout-21d4e958 wp-block-group-is-layout-flex\">\n<div class=\"wp-block-buttons is-layout-flex wp-block-buttons-is-layout-flex\">\n<div class=\"wp-block-button is-style-outline is-style-outline--10\"><a class=\"wp-block-button__link wp-element-button\">Absauganlage<\/a><\/div>\n<\/div>\n<\/div>\n<\/div>\n\n\n\n<div class=\"wp-block-column is-layout-flow wp-block-column-is-layout-flow\">\n<figure class=\"wp-block-image size-full is-style-rounded is-style-rounded--11\"><img loading=\"lazy\" decoding=\"async\" width=\"795\" height=\"1060\" src=\"https:\/\/werkstatt-selber-bauen.de\/wp-content\/uploads\/2024\/07\/Produktbild01-1.jpg\" alt=\"\" class=\"wp-image-150\" style=\"aspect-ratio:3\/4;object-fit:cover\" srcset=\"https:\/\/werkstatt-selber-bauen.de\/wp-content\/uploads\/2024\/07\/Produktbild01-1.jpg 795w, https:\/\/werkstatt-selber-bauen.de\/wp-content\/uploads\/2024\/07\/Produktbild01-1-225x300.jpg 225w, https:\/\/werkstatt-selber-bauen.de\/wp-content\/uploads\/2024\/07\/Produktbild01-1-768x1024.jpg 768w\" sizes=\"auto, (max-width: 795px) 100vw, 795px\" \/><\/figure>\n\n\n\n<div class=\"wp-block-group is-vertical is-content-justification-center is-nowrap is-layout-flex wp-container-core-group-is-layout-63bfd6c1 wp-block-group-is-layout-flex\">\n<div class=\"wp-block-buttons is-layout-flex wp-block-buttons-is-layout-flex\">\n<div class=\"wp-block-button is-style-outline is-style-outline--12\"><a class=\"wp-block-button__link wp-element-button\">Apothekerschrank<\/a><\/div>\n<\/div>\n<\/div>\n<\/div>\n\n\n\n<div class=\"wp-block-column is-layout-flow wp-block-column-is-layout-flow\">\n<figure class=\"wp-block-image size-full is-style-rounded is-style-rounded--13\"><img loading=\"lazy\" decoding=\"async\" width=\"795\" height=\"1060\" src=\"https:\/\/werkstatt-selber-bauen.de\/wp-content\/uploads\/2024\/07\/Produktbild02.jpg\" alt=\"\" class=\"wp-image-64\" style=\"aspect-ratio:3\/4;object-fit:cover\" srcset=\"https:\/\/werkstatt-selber-bauen.de\/wp-content\/uploads\/2024\/07\/Produktbild02.jpg 795w, https:\/\/werkstatt-selber-bauen.de\/wp-content\/uploads\/2024\/07\/Produktbild02-225x300.jpg 225w, https:\/\/werkstatt-selber-bauen.de\/wp-content\/uploads\/2024\/07\/Produktbild02-768x1024.jpg 768w\" sizes=\"auto, (max-width: 795px) 100vw, 795px\" \/><\/figure>\n\n\n\n<div class=\"wp-block-group is-vertical is-content-justification-center is-nowrap is-layout-flex wp-container-core-group-is-layout-63bfd6c1 wp-block-group-is-layout-flex\">\n<div class=\"wp-block-buttons is-layout-flex wp-block-buttons-is-layout-flex\">\n<div class=\"wp-block-button is-style-outline is-style-outline--14\"><a class=\"wp-block-button__link wp-element-button\">Plattenwerkbank<\/a><\/div>\n<\/div>\n<\/div>\n<\/div>\n\n\n\n<div class=\"wp-block-column is-layout-flow wp-block-column-is-layout-flow\">\n<figure class=\"wp-block-image size-full is-style-rounded is-style-rounded--15\"><img loading=\"lazy\" decoding=\"async\" width=\"795\" height=\"1060\" src=\"https:\/\/werkstatt-selber-bauen.de\/wp-content\/uploads\/2024\/07\/Produktbild11.jpg\" alt=\"\" class=\"wp-image-61\" style=\"aspect-ratio:3\/4;object-fit:cover\" srcset=\"https:\/\/werkstatt-selber-bauen.de\/wp-content\/uploads\/2024\/07\/Produktbild11.jpg 795w, https:\/\/werkstatt-selber-bauen.de\/wp-content\/uploads\/2024\/07\/Produktbild11-225x300.jpg 225w, https:\/\/werkstatt-selber-bauen.de\/wp-content\/uploads\/2024\/07\/Produktbild11-768x1024.jpg 768w\" sizes=\"auto, (max-width: 795px) 100vw, 795px\" \/><\/figure>\n\n\n\n<div class=\"wp-block-group is-vertical is-content-justification-center is-nowrap is-layout-flex wp-container-core-group-is-layout-21d4e958 wp-block-group-is-layout-flex\">\n<div class=\"wp-block-buttons is-layout-flex wp-block-buttons-is-layout-flex\">\n<div class=\"wp-block-button is-style-outline is-style-outline--16\"><a class=\"wp-block-button__link wp-element-button\">Systainerschrank<\/a><\/div>\n<\/div>\n<\/div>\n<\/div>\n<\/div>\n\n\n\n<div style=\"height:60px\" aria-hidden=\"true\" class=\"wp-block-spacer\"><\/div>\n\n\n\n<div class=\"wp-block-columns alignwide is-layout-flex wp-container-core-columns-is-layout-4935966c wp-block-columns-is-layout-flex\" style=\"padding-right:0;padding-left:0\">\n<div class=\"wp-block-column is-layout-flow wp-block-column-is-layout-flow\">\n<figure class=\"wp-block-image size-full is-style-rounded is-style-rounded--17\"><img loading=\"lazy\" decoding=\"async\" width=\"795\" height=\"1060\" src=\"https:\/\/werkstatt-selber-bauen.de\/wp-content\/uploads\/2024\/07\/Produktbild01.jpg\" alt=\"\" class=\"wp-image-58\" style=\"aspect-ratio:3\/4;object-fit:cover\" srcset=\"https:\/\/werkstatt-selber-bauen.de\/wp-content\/uploads\/2024\/07\/Produktbild01.jpg 795w, https:\/\/werkstatt-selber-bauen.de\/wp-content\/uploads\/2024\/07\/Produktbild01-225x300.jpg 225w, https:\/\/werkstatt-selber-bauen.de\/wp-content\/uploads\/2024\/07\/Produktbild01-768x1024.jpg 768w\" sizes=\"auto, (max-width: 795px) 100vw, 795px\" \/><\/figure>\n\n\n\n<div class=\"wp-block-group is-vertical is-content-justification-center is-nowrap is-layout-flex wp-container-core-group-is-layout-21d4e958 wp-block-group-is-layout-flex\">\n<div class=\"wp-block-buttons is-layout-flex wp-block-buttons-is-layout-flex\">\n<div class=\"wp-block-button is-style-outline is-style-outline--18\"><a class=\"wp-block-button__link wp-element-button\">Abfalleimer<\/a><\/div>\n<\/div>\n<\/div>\n<\/div>\n\n\n\n<div class=\"wp-block-column is-layout-flow wp-block-column-is-layout-flow\">\n<figure class=\"wp-block-image size-full is-style-rounded is-style-rounded--19\"><img loading=\"lazy\" decoding=\"async\" width=\"795\" height=\"1060\" src=\"https:\/\/werkstatt-selber-bauen.de\/wp-content\/uploads\/2024\/07\/Werkstatt-klein_1200x1200.jpg\" alt=\"\" class=\"wp-image-55\" style=\"aspect-ratio:3\/4;object-fit:cover\" srcset=\"https:\/\/werkstatt-selber-bauen.de\/wp-content\/uploads\/2024\/07\/Werkstatt-klein_1200x1200.jpg 795w, https:\/\/werkstatt-selber-bauen.de\/wp-content\/uploads\/2024\/07\/Werkstatt-klein_1200x1200-225x300.jpg 225w, https:\/\/werkstatt-selber-bauen.de\/wp-content\/uploads\/2024\/07\/Werkstatt-klein_1200x1200-768x1024.jpg 768w\" sizes=\"auto, (max-width: 795px) 100vw, 795px\" \/><\/figure>\n\n\n\n<div class=\"wp-block-group is-vertical is-content-justification-center is-nowrap is-layout-flex wp-container-core-group-is-layout-63bfd6c1 wp-block-group-is-layout-flex\">\n<div class=\"wp-block-buttons is-layout-flex wp-block-buttons-is-layout-flex\">\n<div class=\"wp-block-button is-style-outline is-style-outline--20\"><a class=\"wp-block-button__link wp-element-button\">Frenchcleat Wand<\/a><\/div>\n<\/div>\n<\/div>\n<\/div>\n\n\n\n<div class=\"wp-block-column is-layout-flow wp-block-column-is-layout-flow\">\n<figure class=\"wp-block-image size-full is-style-rounded is-style-rounded--21\"><img loading=\"lazy\" decoding=\"async\" width=\"795\" height=\"1060\" src=\"https:\/\/werkstatt-selber-bauen.de\/wp-content\/uploads\/2024\/07\/Spruehdosenhalter-3zu4.jpg\" alt=\"\" class=\"wp-image-50\" style=\"aspect-ratio:3\/4;object-fit:cover\" srcset=\"https:\/\/werkstatt-selber-bauen.de\/wp-content\/uploads\/2024\/07\/Spruehdosenhalter-3zu4.jpg 795w, https:\/\/werkstatt-selber-bauen.de\/wp-content\/uploads\/2024\/07\/Spruehdosenhalter-3zu4-225x300.jpg 225w, https:\/\/werkstatt-selber-bauen.de\/wp-content\/uploads\/2024\/07\/Spruehdosenhalter-3zu4-768x1024.jpg 768w\" sizes=\"auto, (max-width: 795px) 100vw, 795px\" \/><\/figure>\n\n\n\n<div class=\"wp-block-group is-vertical is-content-justification-center is-nowrap is-layout-flex wp-container-core-group-is-layout-21d4e958 wp-block-group-is-layout-flex\">\n<div class=\"wp-block-buttons is-layout-flex wp-block-buttons-is-layout-flex\">\n<div class=\"wp-block-button is-style-outline is-style-outline--22\"><a class=\"wp-block-button__link wp-element-button\">Spr\u00fchdosenhalter<\/a><\/div>\n<\/div>\n<\/div>\n<\/div>\n<\/div>\n<\/div>\n\n\n\n<p class=\"has-contrast-2-color has-text-color has-link-color wp-elements-197df7288d1c92f8b35cbe5cc5c9ad61\"><em>In diesem Text erf\u00e4hrst Du alles \u00fcber die verschiedenen Module, die in der WmS enthalten sind, und wie sie Dir bei der Organisation Deiner Werkstatt helfen k\u00f6nnen.<\/em><\/p>\n\n\n\n<h2 class=\"wp-block-heading has-text-align-center\"><strong>Module der WmS<\/strong><\/h2>\n\n\n\n<p>Die WmS besteht aus zahlreichen Modulen, die speziell daf\u00fcr entwickelt wurden, Deine Werkstattbed\u00fcrfnisse zu erf\u00fcllen. Hier sind die wichtigsten Bestandteile:<\/p>\n\n\n\n<ol class=\"wp-block-list\">\n<li><strong>Absauganlage<\/strong><br>Die Absauganlage ist ein unverzichtbares Modul f\u00fcr jede Werkstatt. Sie sorgt daf\u00fcr, dass Staub und Sp\u00e4ne sofort abgesaugt werden, wodurch Deine Arbeitsumgebung sauber und sicher bleibt.<\/li>\n\n\n\n<li><strong>Schubladenschrank<\/strong><br>Der Schubladenschrank bietet Dir viel Stauraum f\u00fcr kleine Werkzeuge und Materialien. Er ist stabil und leicht zug\u00e4nglich, sodass Du jederzeit das ben\u00f6tigte Werkzeug griffbereit hast.<\/li>\n\n\n\n<li><strong>Apothekerschrank<\/strong><br>Im Apothekerschrank kannst Du Deine Werkstattutensilien ordentlich und \u00fcbersichtlich aufbewahren. Die schmalen, hohen Schr\u00e4nke erm\u00f6glichen eine platzsparende Lagerung.<\/li>\n\n\n\n<li><strong>Regalschrank mit\/ohne T\u00fcr<\/strong><br>Diese Regalschr\u00e4nke bieten Dir flexible Lagerm\u00f6glichkeiten. Ob mit oder ohne T\u00fcr, sie sind ideal, um gr\u00f6\u00dfere Werkzeuge und Materialien zu verstauen.<\/li>\n\n\n\n<li><strong>H\u00e4ngeschrank mit Schieberegal<\/strong><br>Der H\u00e4ngeschrank mit Schieberegal erm\u00f6glicht Dir, den Platz an der Wand optimal zu nutzen. Du kannst darin kleinere Werkzeuge und Materialien unterbringen, die Du h\u00e4ufig ben\u00f6tigst.<\/li>\n\n\n\n<li><strong>Fr\u00e4serschrank<\/strong><br>Der Fr\u00e4serschrank bietet speziellen Stauraum f\u00fcr Deine Fr\u00e4swerkzeuge. So hast Du immer alles geordnet und griffbereit.<\/li>\n\n\n\n<li><strong>Plattenwerkbank<\/strong><br>Die Plattenwerkbank ist das Herzst\u00fcck Deiner Werkstatt. Sie bietet eine stabile Arbeitsfl\u00e4che und viel Stauraum darunter.<\/li>\n\n\n\n<li><strong>Kofferschrank f\u00fcr Beh\u00e4lter<\/strong><br>Der Kofferschrank ist speziell f\u00fcr Beh\u00e4lter wie L-Boxx\/Systainer oder Sortimentskoffer von AUER Packaging konzipiert. So hast Du Deine Beh\u00e4lter immer ordentlich verstaut.<\/li>\n<\/ol>\n","protected":false},"excerpt":{"rendered":"<p>In diesem Text erf\u00e4hrst Du alles \u00fcber die verschiedenen Module, die in der WmS enthalten sind, und wie sie Dir bei der Organisation Deiner Werkstatt helfen k\u00f6nnen. Module der WmS Die WmS besteht aus zahlreichen Modulen, die speziell daf\u00fcr entwickelt wurden, Deine Werkstattbed\u00fcrfnisse zu erf\u00fcllen. Hier sind die wichtigsten Bestandteile:<\/p>\n","protected":false},"author":1,"featured_media":0,"parent":0,"menu_order":0,"comment_status":"closed","ping_status":"closed","template":"","meta":{"footnotes":""},"class_list":["post-196","page","type-page","status-publish","hentry"],"_links":{"self":[{"href":"https:\/\/werkstatt-selber-bauen.de\/index.php?rest_route=\/wp\/v2\/pages\/196","targetHints":{"allow":["GET"]}}],"collection":[{"href":"https:\/\/werkstatt-selber-bauen.de\/index.php?rest_route=\/wp\/v2\/pages"}],"about":[{"href":"https:\/\/werkstatt-selber-bauen.de\/index.php?rest_route=\/wp\/v2\/types\/page"}],"author":[{"embeddable":true,"href":"https:\/\/werkstatt-selber-bauen.de\/index.php?rest_route=\/wp\/v2\/users\/1"}],"replies":[{"embeddable":true,"href":"https:\/\/werkstatt-selber-bauen.de\/index.php?rest_route=%2Fwp%2Fv2%2Fcomments&post=196"}],"version-history":[{"count":3,"href":"https:\/\/werkstatt-selber-bauen.de\/index.php?rest_route=\/wp\/v2\/pages\/196\/revisions"}],"predecessor-version":[{"id":216,"href":"https:\/\/werkstatt-selber-bauen.de\/index.php?rest_route=\/wp\/v2\/pages\/196\/revisions\/216"}],"wp:attachment":[{"href":"https:\/\/werkstatt-selber-bauen.de\/index.php?rest_route=%2Fwp%2Fv2%2Fmedia&parent=196"}],"curies":[{"name":"wp","href":"https:\/\/api.w.org\/{rel}","templated":true}]}}